9788 is divided by 59069.
29
What is the remainder when 1247362 is divided by 7699?
124
Calculate the remainder when 13421366 is divided by 245.
21
Calculate the remainder when 413785703 is divided by 179.
174
Calculate the remainder when 1191657599 is divided by 207.
206
What is the remainder when 4378079 is divided by 1094518?
7
Calculate the remainder when 1959203 is divided by 979596.
11
What is the remainder when 1032830157 is divided by 1634?
1633
Calculate the remainder when 281684 is divided by 93549.
1037
Calculate the remainder when 1374074 is divided by 38.
32
What is the remainder when 193945 is divided by 57?
31
What is the remainder when 8320545 is divided by 3370?
15
What is the remainder when 7912847 is divided by 14?
5
Calculate the remainder when 10159 is divided by 1449.
16
Calculate the remainder when 85275 is divided by 804.
51
What is the remainder when 840550 is divided by 60036?
46
What is the remainder when 29352687 is divided by 19426?
1
What is the remainder when 43951022 is divided by 524?
522
Calculate the remainder when 15052493 is divided by 50853.
5
Calculate the remainder when 28099882 is divided by 31.
25
What is the remainder when 398309458 is divided by 132769817?
7
Calculate the remainder when 2782190 is divided by 4032.
110
Calculate the remainder when 371202 is divided by 73.
70
Calculate the remainder when 4221105 is divided by 36.
33
Calculate the remainder when 112984109 is divided by 41.
40
What is the remainder when 510977 is divided by 324?
29
Calculate the remainder when 368041 is divided by 15310.
601
What is the remainder when 35130 is divided by 2190?
90
Calculate the remainder when 39850996 is divided by 305.
1
What is the remainder when 55316 is divided by 2795?
2211
What is the remainder when 879025 is divided by 190?
85
Calculate the remainder when 4565456 is divided by 652206.
14
Calculate the remainder when 2717410 is divided by 344.
154
Calculate the remainder when 173582 is divided by 330.
2
Calculate the remainder when 154256485 is divided by 3927.
3925
Calculate the remainder when 41405226 is divided by 299.
5
What is the remainder when 572616 is divided by 286021?
574
Calculate the remainder when 12530535 is divided by 6708.
6699
Calculate the remainder when 169124 is divided by 1952.
1252
What is the remainder when 549840 is divided by 274?
196
What is the remainder when 530280 is divided by 760?
560
Calculate the remainder when 3814186 is divided by 1784.
1778
Calculate the remainder when 9727089 is divided by 255976.
1
Calculate the remainder when 4623054 is divided by 577880.
14
What is the remainder when 6067634 is divided by 242705?
9
What is the remainder when 12035820 is divided by 634?
598
What is the remainder when 167666 is divided by 407?
389
Calculate the remainder when 10968 is divided by 635.
173
Calculate the remainder when 320087 is divided by 80018.
15
What is the remainder when 90583 is divided by 392?
31
Calculate the remainder when 2080089 is divided by 693339.
72
Calculate the remainder when 894529 is divided by 35771.
254
Calculate the remainder when 600061 is divided by 411.
1
What is the remainder when 1181100 is divided by 611?
37
Calculate the remainder when 350875 is divided by 314.
137
What is the remainder when 471437 is divided by 27731?
10
Calculate the remainder when 3139307 is divided by 89689.
192
Calculate the remainder when 31033 is divided by 2486.
1201
What is the remainder when 3257074 is divided by 4920?
34
Calculate the remainder when 14190910 is divided by 426.
424
What is the remainder when 38950586 is divided by 49?
45
What is the remainder when 706156 is divided by 29416?
172
What is the remainder when 9875143 is divided by 493757?
3
What is the remainder when 158828 is divided by 7403?
3365
What is the remainder when 3415205 is divided by 248?
245
Calculate the remainder when 5143253 is divided by 47.
43
Calculate the remainder when 671864 is divided by 7072.
24
Calculate the remainder when 22306438 is divided by 5576584.
102
Calculate the remainder when 5547850 is divided by 3932.
3730
Calculate the remainder when 28468955 is divided by 13589.
0
Calculate the remainder when 965734 is divided by 612.
610
What is the remainder when 66753 is divided by 2162?
1893
What is the remainder when 36913028 is divided by 698?
694
What is the remainder when 2597475 is divided by 173148?
255
What is the remainder when 7012717 is divided by 15?
7
What is the remainder when 117837525 is divided by 74?
73
Calculate the remainder when 332363 is divided by 3462.
11
Calculate the remainder when 119140 is divided by 1324.
1304
What is the remainder when 14292491 is divided by 50?
41
What is the remainder when 18824149 is divided by 3176?
3173
What is the remainder when 213567 is divided by 42689?
122
Calculate the remainder when 998191 is divided by 16363.
48
Calculate the remainder when 121043822 is divided by 1037.
1034
Calculate the remainder when 30669275 is divided by 3722.
3717
Calculate the remainder when 20366210 is divided by 113.
107
What is the remainder when 17054325 is divided by 198306?
9
What is the remainder when 72497 is divided by 576?
497
What is the remainder when 19605 is divided by 4840?
245
Calculate the remainder when 30388249 is divided by 6077647.
14
What is the remainder when 755029 is divided by 12793?
242
What is the remainder when 13862 is divided by 116?
58
Calculate the remainder when 367647 is divided by 364801.
2846
Calculate the remainder when 6293717 is divided by 28869.
275
Calculate the remainder when 83525417 is divided by 41762702.
13
What is the remainder when 2267089828 is divided by 18?
16
Calculate the remainder when 338936 is divided by 1738.
26
Calculate the remainder when 3016842 is divided by 1508410.
22
Calculate the remainder when 126545 is divided by 262.
261
What is the remainder when 56085289 is divided by 131?
128
Calculate the remainder when 422313 is divided by 217.
31
What is the remainder when 56819 is divided by 212?
3
Calculate the remainder when 3808531 is divided by 38862.
55
Calculate the remainder when 205543502 is divided by 33.
32
Calculate the remainder when 16551806 is divided by 208.
206
What is the remainder when 8349487 is divided by 112?
111
What is the remainder when 39097 is divided by 12452?
1741
Calculate the remainder when 20935 is divided by 2084.
95
What is the remainder when 10457242 is divided by 714?
712
What is the remainder when 25094 is divided by 12530?
34
Calculate the remainder when 53471851 is divided by 924.
895
Calculate the remainder when 549369 is divided by 36558.
999
What is the remainder when 80235 is divided by 1254?
1233
What is the remainder when 179208 is divided by 1237?
1080
Calculate the remainder when 1241698 is divided by 57.
10
What is the remainder when 30661 is divided by 5098?
73
What is the remainder when 5261130 is divided by 2687?
2671
Calculate the remainder when 2369355 is divided by 157957.
0
What is the remainder when 3859853 is divided by 5?
3
Calculate the remainder when 1908626 is divided by 164.
158
Calculate the remainder when 43431 is divided by 10443.
1659
What is the remainder when 7169126 is divided by 8995?
111
What is the remainder when 263030 is divided by 1400?
1230
What is the remainder when 1403291 is divided by 5195?
641
Calculate the remainder when 963465 is divided by 31.
16
What is the remainder when 16340576 is divided by 323?
6
What is the remainder when 80849 is divided by 1761?
1604
What is the remainder when 975413 is divided by 3106?
129
Calculate the remainder when 26451 is divided by 456.
3
What is the remainder when 851057 is divided by 39?
38
Calculate the remainder when 176004 is divided by 877.
604
What is the remainder when 73457171 is divided by 128?
19
Calculate the remainder when 880969 is divided by 109994.
1017
Calculate the remainder when 1196195 is divided by 6996.
6875
Calculate the remainder when 4417892894 is divided by 16.
14
Calculate the remainder when 73364 is divided by 1588.
316
Calculate the remainder when 26395 is divided by 24942.
1453
What is the remainder when 3358210 is divided by 41?
23
Calculate the remainder when 5227 is divided by 694.
369
Calculate the remainder when 148969 is divi